6 and l?
16
Let s = -1 + 7. Suppose -c + 1 + s = 0. Calculate the greatest common factor of 49 and c.
7
Let s be (24/14 - 0)/(2/7). Calculate the highest common divisor of 6 and s.
6
Suppose -11*b + 135 = -2*b. Calculate the highest common divisor of 165 and b.
15
Let g(x) = -5*x**2 + 3*x + 2. Let u(n) = 4*n**2 - 3*n - 3. Let i(a) = -4*g(a) - 3*u(a). Let p be i(2). Calculate the highest common divisor of 3 and p.
3
Let s = 10 - 14. Let k = -1 - s. Calculate the highest common factor of k and 24.
3
Let p be (-6)/(-15) - 2/5. Suppose p = -o - o + 16. Suppose 4*s + o*m - 4*m = 192, 5*s - 2*m = 254. Calculate the greatest common factor of 10 and s.
10
Let x = -34 + 52. Let r = 4 - 2. Let i be r*((-8)/(-2) + 2). Calculate the greatest common divisor of x and i.
6
Suppose -3*d = 2*i - 46, -2*d = 5*i + 3*d - 120. Calculate the highest common divisor of 39 and i.
13
Let s = -4 - -2. Let n(x) = 12*x**2 - x - 2. Let v be n(s). What is the greatest common divisor of v and 32?
16
Suppose 0 = 3*x - 8*x + 15. Suppose 4*c = -c + 15. What is the highest common factor of c and x?
3
Let w be (-12)/4 - 1 - -11. Let k = 2 - 1. Calculate the highest common factor of w and k.
1
Let r be 18 + 0 + (-3)/1. Calculate the highest common factor of 75 and r.
15
Suppose 2*d = 4*l + 30, 4*d + 4*l - 15 = d. What is the greatest common divisor of d and 9?
9
Suppose 13 = 5*u - 27. What is the greatest common factor of 200 and u?
8
Suppose 37*v - 456 = 29*v. Calculate the highest common factor of v and 76.
19
Let t(k) = -10*k**3 + 4*k**2 - 5. Let c be t(-4). Let s be 4/(-14) + c/21. Calculate the greatest common divisor of s and 11.
11
Let s be -1 + 52/(4/1). Calculate the greatest common divisor of 12 and s.
12
Let z = 83 - 51. Calculate the greatest common divisor of 80 and z.
16
Let i be 156 + 0 + (4 - 6). Calculate the highest common factor of i and 14.
14
Suppose 3*p + p + 4*x - 44 = 0, -3*p - 5*x + 35 = 0. What is the greatest common divisor of p and 10?
10
Let p be (-3)/((28/8)/(-7)). Suppose -3*f - 399 = -p*f. Calculate the highest common divisor of 19 and f.
19
Suppose 14*k + 168 = 16*k. Calculate the greatest common divisor of 12 and k.
12
Let j(y) = 0*y**2 - 2*y + 6*y**2 - 2 + y**2. Suppose 3*z + 0*z - 6 = 0. Let r be j(z). What is the highest common divisor of 33 and r?
11
Let n be (-5)/2*4/(-5). Suppose 34 = 3*y + f - 9, n*y = -5*f + 7. Let r = 24 + y. What is the greatest common factor of r and 8?
8
Suppose 0 = -2*m - 2*l + 34, 6*l - 33 = -m + l. Calculate the greatest common divisor of m and 91.
13
Suppose 0 = 2*r + 3*r - 20. Suppose r*k = 315 + 81. Let i be -2 - (2 + (-13)/1). What is the highest common divisor of k and i?
9
Suppose 0 = -3*d - 2*d + 55. Calculate the greatest common factor of d and 176.
11
Suppose 2*b + 2*b - 36 = 0. Let m be -10*(-2 + (-21)/(-15)). Calculate the highest common factor of m and b.
3
Let y = -45 - -48. What is the highest common divisor of 48 and y?
3
Let b = -243 - -383. What is the greatest common divisor of b and 28?
28
Suppose -15*c + 14*c + 3 = 0. Let u(m) = 4*m**3 - 1. Let b be u(1). Calculate the greatest common divisor of b and c.
3
Suppose -5*f = -22 - 13. Let l(p) = -5*p - p + 21 + 2*p + 5*p - p**3. Let s be l(0). Calculate the highest common factor of f and s.
7
Suppose 0*p = -5*p + 55. Let l = 536 + -349. Let k = l + -88. Calculate the greatest common divisor of k and p.
11
Suppose -2 = -g - 2*f, 0 = -5*g + f + 3 + 7. Suppose 0 = g*w - 0*w - 32. What is the highest common divisor of 24 and w?
8
Suppose 56 = 5*h - 579. Let m = h - 67. Calculate the greatest common divisor of m and 24.
12
Suppose 33 = -0*c + c. Calculate the highest common divisor of c and 11.
11
Let h = -5 - -25. Let v be (h + 3 + -4)*1. Calculate the highest common factor of 19 and v.
19
Let i = 65 - 63. Calculate the greatest common divisor of 1 and i.
1
Let d(x) = 5*x + 40. Let c be d(-6). Suppose 386 = 3*v + 56. What is the greatest common factor of c and v?
10
Let f be -2 + 10 + 0 - 0. Calculate the highest common factor of f and 2.
2
Let r be 3 + (-15)/3 + 17. Calculate the highest common factor of r and 60.
15
Suppose 0 = -15*u + 14*u + 9. Calculate the highest common divisor of u and 36.
9
Suppose w + 5*k + 6 = 32, 28 = 4*w + k. Suppose -b - 4*d + w = 0, b + 9*d - 7 = 4*d. Let c be (2/4)/(5/20). Calculate the greatest common factor of b and c.
2
Suppose o - 4*r + 71 = 6*o, 15 = o + r. Let p = o + 77. What is the highest common divisor of p and 8?
8
Let a be 58/18 + (-6)/27. Let s be -2*(-55)/2 + a. Suppose c - 14 = s. What is the highest common factor of 9 and c?
9
Suppose 5*a = a + 88. Let g(x) = -24*x**3 - 5*x**2 - 4*x - 1. Let l be g(-1). Calculate the highest common divisor of l and a.
22
Let x(f) = -2*f - 18. Let i be x(-15). Calculate the greatest common divisor of 12 and i.
12
Let f(w) = -83*w + 1. Let j be f(-1). Let k = j - 40. What is the highest common divisor of 4 and k?
4
Let z(h) = h**2 + 9*h - 3. Let l be z(-10). What is the highest common factor of l and 7?
7
Let o(v) = -v + 5. Let q be o(-4). Suppose 4*k - 10 = q*k. Let z be (-15 - -1)/(k*1). Calculate the highest common divisor of 7 and z.
7
Suppose 5*g + 5*q = -120, -q = q + 4. Let c be (g/(-8))/((-3)/(-12)). Let y be 3*41 - 0 - 2. Calculate the greatest common divisor of c and y.
11
Suppose 2*a + 64 = 6*a. Let h = 2 + 11. Suppose 5*k - 7 - h = 0. What is the greatest common divisor of k and a?
4
Suppose -29 = -2*d + 27. Suppose -o - 25 = -w - 0*w, -2*o - w - 35 = 0. Let i = d + o. Calculate the highest common factor of i and 56.
8
Let w be (0 - -20)*((-21)/14 + 2). Suppose 2*k - 78 - 82 = 0. What is the greatest common factor of k and w?
10
Suppose 3*h - 4*g - 20 = 0, -h - 28 = -4*h - 4*g. Suppose -20 = 3*t - 5*t. Suppose 34 - t = 3*c. What is the highest common factor of h and c?
8
Let a = -110 + 229. Let t(d) = -3*d - 1. Let y be t(-6). What is the highest common factor of y and a?
17
Let m(h) = 6*h - 6. Let s = -6 + 12. Let d be m(s). Suppose -n = -1 + 3, -2*w + d = n. What is the greatest common factor of w and 2?
2
Let q(d) = d**3 - d**2 - d + 38. Let v be q(0). What is the highest common divisor of v and 19?
19
Suppose -5*x = t - 18, t - 2*x + 3 + 0 = 0. Suppose h + 28 = -5*s, -t*h - 2 = h - 2*s. Let n be (44/h)/(2/(-9)). What is the highest common divisor of 6 and n?
6
Suppose 13 = 2*v + 11, 4*v - 84 = -2*q. Suppose 0 = 2*t - m - 120, -m = -4*m. Calculate the highest common factor of q and t.
20
Let w(a) = -a**2 + 50. Let u be (2/(-6)*0)/(-1). Let n be w(u). Calculate the highest common divisor of 20 and n.
10
Let r(d) = -d**3 - d**2 - 3*d - 3. Let h be r(-2). Let x = -71 + 78. What is the highest common factor of h and x?
7
Let i be (-1 + -6)/((-3)/(-3)). Let f = 11 + i. Let d be ((-121)/4)/((-1)/f). Calculate the highest common factor of 11 and d.
11
Let k be (-4)/(-18) - 4600/(-36). What is the highest common factor of k and 32?
32
Let y be (-51)/(-85) - (802/(-5) - 1). Calculate the greatest common factor of 18 and y.
18
Suppose 10*v - 206 - 14 = 0. Let o be ((-1)/2)/((-1)/4). What is the highest common divisor of v and o?
2
Let s = 13 - -7. Let c be 2/(s/(-22) - -1). Calculate the greatest common divisor of c and 11.
11
Let l = -44 - -84. What is the highest common factor of l and 120?
40
Suppose -389 = -5*k + 31. Let w(j) = -3*j + 6. Let s be w(-5). Calculate the greatest common factor of k and s.
21
Let m = 21 - 9. Suppose -3*i + 13 = -2. Suppose 321 = i*j + 21. Calculate the greatest common factor of j and m.
12
Let r be 3/9 + (-34)/(-6). What is the greatest common divisor of 42 and r?
6
Suppose d = -4*d + 15. Suppose -2*q + q = -5. Suppose 73 - 28 = q*a. What is the highest common divisor of a and d?
3
Let g = -46 + 58. What is the greatest common divisor of g and 132?
12
Let i be 4 + 1/7 + 11325/105. What is the highest common factor of i and 7?
7
Let p be 2/6 + (-451)/(-33). Calculate the greatest common factor of 112 and p.
14
Let u = -17 - -18. What is the greatest common divisor of 2 and u?
1
Suppose -2*v = -4, 538 + 880 = 4*s - 3*v. Let x be s/8 + (-1)/(-2). What is the greatest common divisor of x and 5?
5
Let v = -26 + 116. Calculate the greatest common factor of v and 9.
9
Suppose -93 = -10*s + 5*s + b, 45 = 3*s + 3*b. Calculate the highest comm